 what is 5 - 100610?
-100603
In base 8, what is 53617 + 6?
53625
In base 15, what is -2 - -2cadb?
2cad9
In base 16, what is -55 - 21a?
-26f
In base 7, what is 52421461 - -2?
52421463
In base 12, what is 3 - -111592?
111595
In base 12, what is -4b3687 + 0?
-4b3687
In base 11, what is 444 - 11?
433
In base 13, what is 5 + 105c8?
10600
In base 13, what is a613 + -22?
a5c1
In base 8, what is -3762 + -3?
-3765
In base 16, what is -b + 5ea?
5df
In base 14, what is 2 + -4b?
-49
In base 6, what is 124435 + -20?
124415
In base 12, what is -20812 - 39?
-2084b
In base 16, what is 9a - 3?
97
In base 14, what is 5117 - -5?
511c
In base 13, what is -10 + 1b9?
1a9
In base 14, what is -2a - -3b5?
389
In base 16, what is -a8bf6 - 3?
-a8bf9
In base 10, what is 1241 - -361?
1602
In base 4, what is -303 + -120102?
-121011
In base 9, what is -3 - -28064?
28061
In base 16, what is -126809 - 0?
-126809
In base 12, what is -19b14 + 1?
-19b13
In base 5, what is -1302 - -210241?
203434
In base 16, what is 3573 + 4?
3577
In base 15, what is e - 662?
-653
In base 5, what is -22400 + -33312?
-111212
In base 13, what is 16 - -47b4?
47ca
In base 13, what is -7050 + 11?
-703c
In base 11, what is 37981 - 5?
37977
In base 3, what is -20 - -120200?
120110
In base 13, what is 6 + ab3?
ab9
In base 16, what is -15c + e5?
-77
In base 15, what is -adca + 4?
-adc6
In base 8, what is -57 - -13316?
13237
In base 8, what is -1170171 + -4?
-1170175
In base 9, what is 50687 - 67?
50620
In base 8, what is 10 - -107721?
107731
In base 7, what is 25403464 - -5?
25403502
In base 4, what is 202201 - -1323?
210130
In base 14, what is 3 + 87d02?
87d05
In base 15, what is -115 - -d5?
-30
In base 4, what is 3 - 23111211?
-23111202
In base 9, what is 31 + -56144?
-56113
In base 10, what is 3 + -1121414?
-1121411
In base 12, what is 428 - -a1?
509
In base 10, what is 1325 + -9?
1316
In base 4, what is 1030 - 123?
301
In base 5, what is -44 - 112214?
-112313
In base 3, what is 112202 - -210122?
1100101
In base 3, what is 1010020121 + -10022?
1010010022
In base 5, what is 3 + -1221402?
-1221344
In base 5, what is -10440 - -123?
-10312
In base 9, what is 110804 - -6?
110811
In base 7, what is -1264 - 40?
-1334
In base 12, what is -4 - 169344?
-169348
In base 7, what is -5104 - 55?
-5162
In base 3, what is -200 + -21212201?
-21220101
In base 5, what is 1403 + 424?
2332
In base 8, what is -6166606 - 3?
-6166611
In base 8, what is 72 - 30341?
-30247
In base 7, what is -335434 + 46?
-335355
In base 8, what is -42 + 35321?
35257
In base 12, what is 27 - b9a3?
-b978
In base 6, what is -3 - -203055?
203052
In base 15, what is 2e - -370?
39e
In base 4, what is -1211 + -10000?
-11211
In base 11, what is 2 + 34026?
34028
In base 11, what is 9 + 93036?
93044
In base 3, what is -112100101022 - 10?
-112100101102
In base 16, what is c76a8 - -2?
c76aa
In base 8, what is -106 - 313?
-421
In base 15, what is a9662 + 0?
a9662
In base 7, what is -12453 - -11?
-12442
In base 11, what is 19062 - 12?
19050
In base 14, what is -11 - -27b?
26a
In base 6, what is 23425 - -2243?
30112
In base 3, what is 1001121201 + -21?
1001121110
In base 14, what is 3 - -23802?
23805
In base 11, what is -188667 + -1?
-188668
In base 4, what is 1 + -33321000?
-33320333
In base 7, what is 0 - 3401362?
-3401362
In base 11, what is 8 - -2512?
251a
In base 2, what is 1111100100110111 + -110?
1111100100110001
In base 7, what is -1512 - -12564?
11052
In base 11, what is 0 - -7405?
7405
In base 6, what is -2333 - -2103?
-230
In base 4, what is -10 - 11232222?
-11232232
In base 11, what is 2 + -7829?
-7827
In base 10, what is -137372 - 0?
-137372
In base 7, what is 2430215 - 6?
2430206
In base 15, what is -64 - -9e?
3a
In base 2, what is 10001001011 - 101010?
10000100001
In base 3, what is -11221010120 + -12?
-11221010202
In base 6, what is 2 - 442101?
-442055
In base 3, what is -101 + -1202121?
-1202222
In base 16, what is -8 - 2d927?
-2d92f
In base 10, what is -268 + -164?
-432
In base 7, what is -124 - -361?
234
In base 14, what is 5 + 9413?
9418
In base 12, what is -38 + -692?
-70a
In base 13, what is 3 - 307a9?
-307a6
In base 11, what is -43022 + -2?
-43024
In base 16, what is 920a + -2?
9208
In base 7, what is -51 - 65160?
-65241
In base 8, what is 4 - -61237?
61243
In base 10, what is 153710 + -5?
153705
In base 14, what is -2 - -49d4d?
49d4b
In base 8, what is 1173 - -1371?
2564
In base 3, what is -2122121 + 11010?
-2111111
In base 16, what is c354 + -5?
c34f
In base 2, what is -10 + 1000011111011101?
1000011111011011
In base 12, what is 890 - bb?
791
In base 4, what is -11030320233 + -1?
-11030320300
In base 3, what is 10222102112 + -12?
10222102100
In base 2, what is -10011001001000111010 + -11?
-10011001001000111101
In base 13, what is -405c87 + -3?
-405c8a
In base 14, what is 10 + 962?
972
In base 3, what is 202020001121 - 10?
202020001111
In base 10, what is -849 - -28?
-821
In base 4, what is 22321 + 1100202?
1123123
In base 15, what is -4d - 40e9?
-4147
In base 7, what is -1 - -1652202?
1652201
In base 4, what is 10 + -20131312?
-20131302
In base 14, what is -7 - 290c?
-2915
In base 12, what is 367583 - -2?
367585
In base 11, what is 4 + -26a06?
-26a02
In base 12, what is 160b41 - 1?
160b40
In base 9, what is 78026 - -4?
78031
In base 8, what is 5 + -14166?
-14161
In base 16, what is -4 + 36dc?
36d8
In base 5, what is -13030 - -1?
-13024
In base 5, what is 14004 - -201203?
220212
In base 4, what is 30030212 - -2?
30030220
In base 10, what is 46677 - 3?
46674
In base 16, what is 33 + 11ad?
11e0
In base 3, what is -10212122 + -12202?
-11002101
In base 2, what is -100001010111000110001110 - 101?
-100001010111000110010011
In base 2, what is 11111010001001010 - 100?
11111010001000110
In base 3, what is -1120 + 12022021221?
12022020101
In base 15, what is -e877 + e?
-e868
In base 15, what is -3 + -9450?
-9453
In base 7, what is -33 + -1511?
-1544
In base 4, what is -1 - 3303232103?
-3303232110
In base 5, what is 10404 + 141?
11100
In base 13, what is -8 + -a1ab?
-a1b6
In base 16, what is c76 + -4?
c72
In base 3, what is -1002 + 12110221122?
12110220120
In base 11, what is -2 - -162521?
16251a
In base 11, what is 30 - -2211?
2241
In base 8, what is -12773 - 5?
-13000
In base 16, what is 24 - 298?
-274
In base 10, what is -1140 + 107?
-1033
In base 5, what is 3 + 1040201?
1040204
In base 14, what is 14d9b + 3?
14da0
In base 13, what is -75b - -15?
-746
In base 11, what is 38a + -3001?
-2722
In base 10, what is -142 + 587?
445
In base 9, what is 1106417 - -3?
1106421
In base 3, what is 12 - 11202112202?
-11202112120
In base 3, what is -1 - -22011220201?
22011220200
In base 13, what is -1ccb29 + 4?
-1ccb25
In base 13, what is 5 + c4413?
c4418
In base 8, what is 150542 - 3?
150537
In base 6, what is 5 - 14514350?
-14514341
In base 3, what is 1002222220 + 0?
1002222220
In base 7, what is -1322 - 264?
-1616
In base 2, what is -10 - 10011010100011?
-10011010100101
In base 11, what is 7 - -4625?
4631
In base 13, what is 5 - -1985c?
19864
In base 8, what is -323 - 33002?
-33325
In base 5, what is -4 - 214320?
-214324
In base 8, what is -373 - 13?
-406
In base 8, what is -5 + 23136?
23131
In base 10, what is -39 - -14659?
14620
In base 4, what is 2322122 - 0?
2322122
In base 6, what is 3 - 43330?
-43323
In base 11, what is 705 - -832?
1437
In base 15, what is 854c - 0?
854c
In base 16, what is 777 - 1?
776
In base 7, what is 0 + 26301?
26301
In base 9, what is -4 + -24048?
-24053
In base 7, what is 5163102 + -4?
5163065
In base 7, what is 1132 + -56361?
-55226
In base 13, what is 3a432 - 0?
3a432
In base 9, what is 1744 - 381?
1353
In base 7, what is 35 - -203406?
203444
In base 7, what is -10 - -102552?
102542
In base 2, what is 111010111 + 110000001001?
110111100000
In base 10, what is -57985 - 2?
-57987
In base 3, what is -112 - -1112110210?
1112110021
In base 6, what is -12021 - -21?
-12000
In base 14, what is -4 - 7116?
-711a
In base 4, what is -21 + 3322?
3301
In base 5, what is -4 + 1213100?
1213041
In base 6, what is -312300 + 32?
-312224
In base 12, what is 12 - -39628?
3963a
In base 14, what is 1176 + 1c?
1194
In base 11, what is -189 + -447?
-625
In base 11, what is 5 + -231?
-227
In base 15, what is -d - ad5?
-ae3
In base 14, what is 68